 + 2. List the prime factors of o(y).
2, 5
Suppose -3*w - 2*x + 25 = 0, 3*w + 1 + 4 = 4*x. Let u(a) = 9*a - 4. List the prime factors of u(w).
41
Let h = -4 - -6. Let o(a) = 10*a - 4. List the prime factors of o(h).
2
Suppose 3*o + 4*f - 29 = 3*f, 4*f + 10 = 2*o. Let j(v) = v + 10. What are the prime factors of j(o)?
19
Let u(a) = -2*a + 130. List the prime factors of u(0).
2, 5, 13
Let d = 0 + 18. Suppose -5*a = 5*f, -3*a + 3*f = -0*a - d. Let v(z) = -z**2 + 5*z - 3. What are the prime factors of v(a)?
3
Suppose -j - 2 + 0 = 0. Let p(g) = 2*g**2 + 2*g - 2. Let k be p(j). List the prime factors of 3/(k/((-18)/(-3))).
3
Suppose 5*g - 4 = y, y - 3*g = 5*y - 30. Let s = 0 + y. Let r = s + 9. List the prime factors of r.
3, 5
Let v = 805 - 471. List the prime factors of v.
2, 167
List the prime factors of -2*644/(-8) + (1 - 1).
7, 23
Suppose 0 = -4*d - 7 + 11. List the prime factors of (6 + -7)*(-9 + d).
2
Suppose 3*a - 6*a + g + 65 = 0, 3*a - 2*g = 64. Let b = 27 - a. List the prime factors of b.
5
Suppose -5*b + b + 16 = 0. Suppose b*n = n + 42. List the prime factors of n.
2, 7
Suppose -4*k + 3*w - 11 = 0, 3*w - 5 = 5*k + w. Suppose 3*q - 11 = k. What are the prime factors of 2*q + (0 - 0)?
2
Let g be 0 - (0 + -6 + 0). Let m be g/(-3) + (-6)/3. What are the prime factors of (-1 - 22/m)*2?
3
Let u = 21 + -18. List the prime factors of u.
3
Let l(p) = 7*p**3 + p**2 + 3*p - 3. What are the prime factors of l(2)?
3, 7
Let k be (-2)/5 + (-1722)/70. Let c = -1 - k. List the prime factors of c.
2, 3
Let p = 37 - -31. What are the prime factors of p?
2, 17
Suppose -2 = -5*v - 3*y - 6, y = 4*v + 10. Let u = v + 3. Let k = 8 + u. What are the prime factors of k?
3
Let z(l) = l**3 - 8*l**2 + 4*l + 5. Let i be z(7). Let n = -10 - i. List the prime factors of n.
2, 3
Let l(o) = 9*o + 7. What are the prime factors of l(3)?
2, 17
Let y = 64 + -42. List the prime factors of y.
2, 11
Let b(o) = o. Let z be b(0). Suppose -t = -5 + 2, z = 4*a + 3*t - 37. What are the prime factors of a?
7
Suppose 4*u - 200 = -u. Suppose 0*y = 5*y - u. Suppose 4*z - y = 2*z. What are the prime factors of z?
2
Suppose 0 = -6*a + 238 + 542. What are the prime factors of a?
2, 5, 13
Suppose -308 = 28*i - 32*i. List the prime factors of i.
7, 11
Let z(x) = 10*x**2 + 2*x - 19. What are the prime factors of z(4)?
149
Suppose 0 = -b - 3, 2*f - b = 3*f - 206. What are the prime factors of f?
11, 19
Suppose 2*n - 287 - 135 = 0. What are the prime factors of n?
211
Let l = -7 + 19. Let n be (-8)/l + 19/(-3). Let c(h) = -h**2 - 8*h - 5. What are the prime factors of c(n)?
2
Suppose -m + 0 = -20. List the prime factors of m.
2, 5
Let o be 6*8/(-12)*-1. Suppose 3*f - 9 = 0, -o*f - 20 = -3*m - m. What are the prime factors of m?
2
Suppose -12*g + 443 = -397. What are the prime factors of g?
2, 5, 7
Let x = 10 + -3. What are the prime factors of x?
7
Let g(j) = -j - 3. Let p be g(-7). Suppose 0 = -p*q + 3*q + 4. Suppose -q*h + 7*x + 52 = 3*x, -3*h = -2*x - 37. List the prime factors of h.
11
Let g = 3 - -29. What are the prime factors of g?
2
List the prime factors of ((-2)/(-2))/(1/(-1)) - -25.
2, 3
Suppose 5*b + 3*b = 552. What are the prime factors of b?
3, 23
What are the prime factors of (((-12690)/(-24))/9)/(1/4)?
5, 47
Let q = 37 - 17. Suppose 5*g - g = q. List the prime factors of g.
5
What are the prime factors of -1 - (20*-1)/5?
3
Suppose 7*l + l - 1352 = 0. List the prime factors of l.
13
Suppose -3*c - 4*m - 64 = 10, 107 = -4*c + 3*m. Let d be 4/c - 106/(-13). Let j = -6 + d. List the prime factors of j.
2
Suppose -5*g + 47 = -5*v - 3, 3*g - 2*v = 32. List the prime factors of g.
2, 3
Let r(m) be the second derivative of -m**5/20 - 7*m**4/12 - m**3/6 - 3*m**2/2 - m. Let f be -7 + -1 + 1 + 0. List the prime factors of r(f).
2
Suppose 11*p - 190 = 6*p. List the prime factors of p.
2, 19
Suppose x - 4*x - 24 = 0. Let c be 60/(-16) - (-2)/x. Let q = c + 7. What are the prime factors of q?
3
Let j(g) = -11*g + 1. Let z(i) be the third derivative of i**4/24 + i**3/6 - 3*i**2. Let s be z(-3). What are the prime factors of j(s)?
23
Let j = 394 - 134. What are the prime factors of j?
2, 5, 13
Let d = -53 - -71. List the prime factors of d.
2, 3
Let r(s) = -s**3 - 3*s**2 + 2*s. Let n be r(-4). Suppose n*o - 45 = -5*i + 3*o, -2*i + 6 = -o. What are the prime factors of -1 + i - (-4)/(-4)?
3
Let q(z) be the second derivative of z**4/12 + 3*z**3/2 - 5*z**2/2 + 7*z. What are the prime factors of q(-13)?
47
Let q be -3 + (-2)/((-4)/86). Suppose -f = -3*a + 74, -5*a + 90 = 5*f - q. List the prime factors of a.
5
Let g(m) = -11*m - 6. Let s(a) = -16*a - 9. Let l(q) = -8*g(q) + 5*s(q). List the prime factors of l(4).
5, 7
Let i = -6 - -6. Suppose i*l - 4*d = -l - 9, 5*l - 40 = 3*d. List the prime factors of l.
11
Let o be -3*4*-1*3. Let s be o/(-10) + (-4)/10. List the prime factors of (s/6)/((-6)/27).
3
Suppose 5*j - 2*t - 257 = 2*t, 5*j + 4*t - 233 = 0. What are the prime factors of j?
7
Suppose -10 = -3*w + 5. Suppose 0 = w*p - 4*m - 98, -28 = -p + 4*m - 2. What are the prime factors of p?
2, 3
Let d(s) be the first derivative of -s - 3 + 2 + 2*s**2 - s**2. List the prime factors of d(2).
3
Let v = 31 + -11. Suppose -5*s + 4*b + 2 + v = 0, -2*b = 5*s - 4. What are the prime factors of s?
2
Suppose 5*x = 3*x + 24. Suppose -d + x = d. What are the prime factors of d?
2, 3
Suppose -1 = -3*v + 35. Suppose -v + 156 = 3*q. What are the prime factors of q?
2, 3
What are the prime factors of 64/10*(-15)/(-2)?
2, 3
Let s = -41 + 65. Suppose 0 = n - 5*q - 29, 4*n - 3*n - 4*q = s. List the prime factors of (-16)/(-3) - n/12.
5
Let m(x) = 5*x - 1. Let f be m(1). Suppose u = 6*w - 3*w + 17, f = -w. What are the prime factors of u?
5
Suppose 0 = -v - 3*v + 140. Suppose 2*a + 13 = v. What are the prime factors of a?
11
Suppose 0*f + 6 = -2*f + 4*v, -4*v + 34 = 2*f. Suppose 2*s + 3 = f. Suppose -3*x = 5*u - 4, -6 = -2*u + s*x + 2. List the prime factors of u.
2
Let o = -1 + 4. Suppose 5*c - 16 = -6*k + 3*k, 0 = -2*k + o*c + 17. List the prime factors of k.
7
What are the prime factors of 870/18 + (-4)/(-6)?
7
Let a(n) = -2*n**3 - 8*n**2 - 6*n + 1. Let y be a(-5). Let z = 121 - y. List the prime factors of z.
2, 5
Let o(k) = k - 1. Let a be o(4). Suppose -7*i + a*i = -20. Suppose -d = -i*d + 40. List the prime factors of d.
2, 5
Suppose -4*f + 2*j + 3*j + 807 = 0, -3*f = 2*j - 611. List the prime factors of f.
7, 29
Let l = 52 - 27. Suppose -5*d - l = -5*f, 3*f + 3*d - 5 - 4 = 0. List the prime factors of f.
2
Let i(y) = -y**2 + 9*y + 6. Let w be i(10). Let d = 8 + w. Suppose d*h - 16 = 5*c, h - 5*c - 4 = -0. List the prime factors of h.
2
Suppose a = 2*s + 24, -3*a - s = -a - 38. What are the prime factors of a?
2, 5
Suppose 26*b - 28*b + 40 = 0. List the prime factors of b.
2, 5
Let d be -10*1*1/(-2). Suppose 1 = -s - d*b + 13, 5*b = -2*s + 14. Suppose 0 = -r + s*h + 2, h + 43 = -0*r + 4*r. What are the prime factors of r?
2, 3
Let p be (-26)/(-10) + 6/15. Suppose 2*z + p*z - 275 = 0. What are the prime factors of z?
5, 11
Let v = 79 - 24. List the prime factors of v.
5, 11
Let p(a) = a**2 + 4*a + 3. Let j be p(-6). Let b = j + -4. List the prime factors of b.
11
What are the prime factors of 243/45 + (-4)/10?
5
Let g(i) = i**3 + 7*i**2 + 7*i + 4. Let b be g(-6). Let u(x) = -45*x. Let m be u(b). Suppose 0 = -l - 4*l + m. What are the prime factors of l?
2, 3
Let c = 26 + -10. What are the prime factors of c?
2
Suppose j - 5*d - 8 - 20 = 0, 4*j - 4*d - 32 = 0. What are the prime factors of j?
3
Suppose -2*i = 5*z - 192, -4*z + 4*i + 28 = -120. List the prime factors of z.
2, 19
List the prime factors of 132 - (0/(-3) - -5).
127
Let l(s) = -9*s + 3. Let c be l(-3). Let f(r) = 6*r**3 - r. Let h be f(1). Suppose 2*y + c = h*y. List the prime factors of y.
2, 5
Suppose -w - 4*c = -25, -4*w + 25 = -c + 2*c. Suppose 5*q + 3*u = 38, -3*q + w*q + 3*u - 8 = 0. What are the prime factors of q?
2, 5
Let s(t) = t**3 + 5*t**2 - 2*t. Let r be s(-5). Suppose 5*h - 3*i = r, 3*i = -h + 3 - 1. What are the prime factors of h?
2
Suppose 4*f + 99 + 1 = 0. Let m = 1 - f. List the prime factors of m.
2, 13
Let w(y) = -y + 1. Let n be w(4). What are the prime factors of (-4)/(((-6)/(-4))/n)?
2
Suppose 5*i = -4*d - 0*d + 59, 3*d - 1